{"id":102,"date":"2019-09-02T15:34:14","date_gmt":"2019-09-02T13:34:14","guid":{"rendered":"https:\/\/coutauvergne.com\/site\/produit\/le-thiers-manche-mat-2\/"},"modified":"2019-09-02T15:34:14","modified_gmt":"2019-09-02T13:34:14","slug":"le-thiers-manche-mat-2","status":"publish","type":"product","link":"https:\/\/coutauvergne.com\/site\/produit\/le-thiers-manche-mat-2\/","title":{"rendered":"Coffret LE THIERS\u00ae Mat"},"content":{"rendered":"<p style=\"text-align:justify;\">LE THIERS\u00ae par Jean Beauvoir est un monobloc en acier inoxydable lui permettant d&rsquo;\u00eatre adapt\u00e9 et tr\u00e8s r\u00e9sistant au passage en lave-vaisselle. Il est dot\u00e9 d&rsquo;une\u00a0<strong><a href=\"http:\/\/coutauvergne.com\/content\/8-micro-denture-haute-performance\">Micro-denture Haute Performance<\/a><\/strong> alliant tranchant exceptionnel et durabilit\u00e9.<\/p>\n<p style=\"text-align:justify;\"><strong>La Finition Mate<\/strong> est obtenue par sablage vous procurant une <strong>exp\u00e9rience visuelle et tactile innovante<\/strong>. Elle est aussi durable que le couteau et<strong> tr\u00e8s r\u00e9sistante<\/strong>.<\/p>\n<p style=\"text-align:justify;\">Il existe en finition brillante, Manche Mat ou enti\u00e8rement Mate (exclusivit\u00e9 Cout&rsquo;Auvergne).<br \/>LE THIERS\u00ae MAT vous est propos\u00e9 en coffret de 4 ou 6 couteaux.<\/p>\n<p>Longueur\u00a0: 23 cm.<br \/>Poids\u00a0: 82 grammes.<\/p>\n<p>Con\u00e7u et Fabriqu\u00e9 \u00e0 Thiers. Emballage 100% recyclable, z\u00e9ro plastique.<\/p>\n","protected":false},"excerpt":{"rendered":"<p style=\"text-align:justify;\"><strong>LE THIERS\u00ae<\/strong> est un mod\u00e8le embl\u00e9matique de la coutellerie auvergnate. Ses lignes \u00e9pur\u00e9es, modernes et intemporelles en font un couteau tr\u00e8s design. Il vous est propos\u00e9 dans cette d\u00e9clinaison<strong> enti\u00e8rement mate, exclusive et juste magnifique<\/strong>. Ce mod\u00e8le bouscule la tradition tout en la mettant en valeur. Un <strong>accord parfait<\/strong> qui vous ravira \u00e0 coup s\u00fbr et pour longtemps.<\/p>\n","protected":false},"featured_media":97,"comment_status":"open","ping_status":"closed","template":"","meta":[],"product_cat":[21,25],"product_tag":[30,35,31,33],"class_list":["post-102","product","type-product","status-publish","has-post-thumbnail","hentry","product_cat-accueil","product_cat-les-couteaux-de-table","product_tag-couteau","product_tag-le-thiers","product_tag-mat","product_tag-thiers"],"_links":{"self":[{"href":"https:\/\/coutauvergne.com\/site\/wp-json\/wp\/v2\/product\/102","targetHints":{"allow":["GET"]}}],"collection":[{"href":"https:\/\/coutauvergne.com\/site\/wp-json\/wp\/v2\/product"}],"about":[{"href":"https:\/\/coutauvergne.com\/site\/wp-json\/wp\/v2\/types\/product"}],"replies":[{"embeddable":true,"href":"https:\/\/coutauvergne.com\/site\/wp-json\/wp\/v2\/comments?post=102"}],"version-history":[{"count":0,"href":"https:\/\/coutauvergne.com\/site\/wp-json\/wp\/v2\/product\/102\/revisions"}],"wp:featuredmedia":[{"embeddable":true,"href":"https:\/\/coutauvergne.com\/site\/wp-json\/wp\/v2\/media\/97"}],"wp:attachment":[{"href":"https:\/\/coutauvergne.com\/site\/wp-json\/wp\/v2\/media?parent=102"}],"wp:term":[{"taxonomy":"product_cat","embeddable":true,"href":"https:\/\/coutauvergne.com\/site\/wp-json\/wp\/v2\/product_cat?post=102"},{"taxonomy":"product_tag","embeddable":true,"href":"https:\/\/coutauvergne.com\/site\/wp-json\/wp\/v2\/product_tag?post=102"}],"curies":[{"name":"wp","href":"https:\/\/api.w.org\/{rel}","templated":true}]}}