{"id":114,"date":"2019-09-02T20:39:10","date_gmt":"2019-09-02T18:39:10","guid":{"rendered":"https:\/\/coutauvergne.com\/site\/produit\/kiana-bleu-motif-mer\/"},"modified":"2019-09-02T20:39:10","modified_gmt":"2019-09-02T18:39:10","slug":"kiana-bleu-motif-mer","status":"publish","type":"product","link":"https:\/\/coutauvergne.com\/site\/produit\/kiana-bleu-motif-mer\/","title":{"rendered":"KIANA Bleu &#8211; Motif MER &#8211;"},"content":{"rendered":"<p style=\"text-align:justify;\">Une grande importance a \u00e9t\u00e9 apport\u00e9e aux choix des mat\u00e9riaux pour la r\u00e9alisation de ce couteau afin de lui apporter <strong>solidit\u00e9 et long\u00e9vit\u00e9<\/strong>. Sa taille et son poids le rendent \u00e0 la fois tr\u00e8s pratique et discret dans une poche ou dans un sac.<\/p>\n<p style=\"text-align:justify;\"><strong><span style=\"text-decoration:underline;\">Le manche\u00a0:<\/span><\/strong> il est en Polyamide charg\u00e9 de fibre de verre ce qui lui conf\u00e8re une grande r\u00e9sistance aux agressions ext\u00e9rieures (chocs, humidit\u00e9, etc&#8230;), ce qui permet de le nettoyer sous l&rsquo;eau voir, de mani\u00e8re exceptionnelle, au lave-vaisselle (bien essuyer la lame imm\u00e9diatement). La forme du manche a \u00e9t\u00e9 dessin\u00e9e pour que la lame ne s&rsquo;accroche pas dans la poche (petit d\u00e9tail mais grande diff\u00e9rence \u00e0 l&rsquo;usage).<\/p>\n<p><span style=\"text-decoration:underline;\"><strong>La lame\u00a0:<\/strong><\/span> elle est en inox\u00a0X35Cr16N\u00a0. Elle subit un Traitement Thermique avec Cryog\u00e9nisation afin de lui donner une excellente qualit\u00e9 de coupe, facile \u00e0 aiguiser et une meilleure r\u00e9sistance \u00e0 la corrosion. Ce couteau est dot\u00e9 d&rsquo;un syst\u00e8me de blocage de lame tr\u00e8s s\u00e9curis\u00e9 (lockback). Vous pouvez personnaliser la lame avec un nom, un logo ou un motif de votre choix. N&rsquo;h\u00e9sitez pas \u00e0 <a href=\"http:\/\/coutauvergne.com\/nous-contacter\">nous contacter<\/a>! <\/p>\n<p>En option, vous pouvez choisir une lame semi-crant\u00e9e dessin\u00e9e sp\u00e9cialement pour le Kiana. Aucune corde ne lui r\u00e9sistera!<\/p>\n<p>Longueur Ouvert\u00a0:\u00a0\u00a0 200 mm<br \/>Longueur Ferm\u00e9\u00a0:\u00a0\u00a0\u00a0 113 mm<br \/>Poids : 52 grammes<\/p>\n<p style=\"text-align:justify;\"><strong>Couteau 100% Fabriqu\u00e9 en France dans le bassin de THIERS.<\/strong><\/p>\n","protected":false},"excerpt":{"rendered":"<p style=\"text-align:justify;\"><strong>Le couteau Kiana<\/strong> est v\u00e9ritablement un coup de c\u0153ur pour Cout&rsquo;Auvergne. Il va rapidement devenir votre alli\u00e9 personnel, \u00e0 l&rsquo;\u00e9preuve de toutes <strong>vos passions<\/strong>. Id\u00e9al pour toutes vos <strong>activit\u00e9s ext\u00e9rieures<\/strong> (Champignons, repas en pleine nature, chantier,&#8230;) mais \u00e9galement int\u00e9rieures (ap\u00e9ritif, bricolage, plateau TV,&#8230;).<\/p>\n<p style=\"text-align:justify;\">Le <strong>motif et les couleurs<\/strong> de la version \u00ab\u00a0MER\u00a0\u00bb apportent une touche d&rsquo;originalit\u00e9 \u00e0 ce couteau. Il est disponible en Bleu, en Jaune, en Rose et en vert depuis cette ann\u00e9e. Avec ces couleurs,\u00a0 il sera <strong>facile \u00e0 retrouver<\/strong>!<\/p>\n<p style=\"text-align:justify;\">Livraison en point relais OFFERTE!<\/p>\n","protected":false},"featured_media":111,"comment_status":"open","ping_status":"closed","template":"","meta":[],"product_cat":[26,23],"product_tag":[45,46,30,38,42,43,37],"class_list":["post-114","product","type-product","status-publish","has-post-thumbnail","hentry","product_cat-les-couteaux-pliants","product_cat-nos-coups-de-coeur","product_tag-bleu","product_tag-couleur","product_tag-couteau","product_tag-fibre","product_tag-kiana","product_tag-manche-fibre","product_tag-pliant"],"_links":{"self":[{"href":"https:\/\/coutauvergne.com\/site\/wp-json\/wp\/v2\/product\/114","targetHints":{"allow":["GET"]}}],"collection":[{"href":"https:\/\/coutauvergne.com\/site\/wp-json\/wp\/v2\/product"}],"about":[{"href":"https:\/\/coutauvergne.com\/site\/wp-json\/wp\/v2\/types\/product"}],"replies":[{"embeddable":true,"href":"https:\/\/coutauvergne.com\/site\/wp-json\/wp\/v2\/comments?post=114"}],"version-history":[{"count":0,"href":"https:\/\/coutauvergne.com\/site\/wp-json\/wp\/v2\/product\/114\/revisions"}],"wp:featuredmedia":[{"embeddable":true,"href":"https:\/\/coutauvergne.com\/site\/wp-json\/wp\/v2\/media\/111"}],"wp:attachment":[{"href":"https:\/\/coutauvergne.com\/site\/wp-json\/wp\/v2\/media?parent=114"}],"wp:term":[{"taxonomy":"product_cat","embeddable":true,"href":"https:\/\/coutauvergne.com\/site\/wp-json\/wp\/v2\/product_cat?post=114"},{"taxonomy":"product_tag","embeddable":true,"href":"https:\/\/coutauvergne.com\/site\/wp-json\/wp\/v2\/product_tag?post=114"}],"curies":[{"name":"wp","href":"https:\/\/api.w.org\/{rel}","templated":true}]}}