{"id":180,"date":"2019-10-24T11:38:14","date_gmt":"2019-10-24T09:38:14","guid":{"rendered":"https:\/\/coutauvergne.com\/site\/produit\/le-laguiole-pro\/"},"modified":"2019-10-24T11:38:14","modified_gmt":"2019-10-24T09:38:14","slug":"le-laguiole-pro","status":"publish","type":"product","link":"https:\/\/coutauvergne.com\/site\/produit\/le-laguiole-pro\/","title":{"rendered":"Le Laguiole Bross\u00e9"},"content":{"rendered":"","protected":false},"excerpt":{"rendered":"<p style=\"text-align:justify;\">Nous vous proposons ici le <strong>LAGUIOLE<\/strong> dans sa version professionnelle. <strong>Classique, traditionnel<\/strong><strong> et performant<\/strong>, il remplit la fonction de couteau de service mais \u00e9galement de couteau \u00e0 viande.<\/p>\n<p style=\"text-align:justify;\">Dans cette version professionnelle, 2 finition s&rsquo;offre \u00e0 vous. La finition Brillante l\u00e9g\u00e8rement bross\u00e9e \u00e9tudi\u00e9e pour r\u00e9duire l&rsquo;impact des passages au lave-vaisselle, et la finition mate pour une mise en place originale et sans trace. Il existe \u00e9galement en version plus \u00e9conomique sans abeille.<strong><br \/><\/strong><\/p>\n<p style=\"text-align:justify;\">Le + produit: Un Laguiole 100% fabriqu\u00e9 en France.<\/p>\n<p style=\"text-align:justify;\">Il est dot\u00e9 de la <a href=\"http:\/\/coutauvergne.com\/content\/8-micro-denture-haute-performance\"><strong>Micro-denture Haute Performance<\/strong><\/a> qui apportera un vrai plus \u00e0 vos clients. Il b\u00e9n\u00e9ficie de la garantie 2 ans Cout&rsquo;Auvergne.<\/p>\n<p style=\"text-align:justify;\">Si vous le souhaitez nous proposons plusieurs possibilit\u00e9s de\u00a0<a href=\"http:\/\/coutauvergne.com\/nous-contacter\">personnalisation<\/a>.<\/p>\n<p><strong>Un doute ? <a href=\"https:\/\/coutauvergne.com\/espace-professionnel\/54-649-echantillon.html#\/\">Commandez votre \u00e9chantillon<\/a>!<\/strong><\/p>\n","protected":false},"featured_media":178,"comment_status":"open","ping_status":"closed","template":"","meta":[],"product_cat":[24],"product_tag":[],"class_list":["post-180","product","type-product","status-publish","has-post-thumbnail","hentry","product_cat-espace-professionnel"],"_links":{"self":[{"href":"https:\/\/coutauvergne.com\/site\/wp-json\/wp\/v2\/product\/180","targetHints":{"allow":["GET"]}}],"collection":[{"href":"https:\/\/coutauvergne.com\/site\/wp-json\/wp\/v2\/product"}],"about":[{"href":"https:\/\/coutauvergne.com\/site\/wp-json\/wp\/v2\/types\/product"}],"replies":[{"embeddable":true,"href":"https:\/\/coutauvergne.com\/site\/wp-json\/wp\/v2\/comments?post=180"}],"version-history":[{"count":0,"href":"https:\/\/coutauvergne.com\/site\/wp-json\/wp\/v2\/product\/180\/revisions"}],"wp:featuredmedia":[{"embeddable":true,"href":"https:\/\/coutauvergne.com\/site\/wp-json\/wp\/v2\/media\/178"}],"wp:attachment":[{"href":"https:\/\/coutauvergne.com\/site\/wp-json\/wp\/v2\/media?parent=180"}],"wp:term":[{"taxonomy":"product_cat","embeddable":true,"href":"https:\/\/coutauvergne.com\/site\/wp-json\/wp\/v2\/product_cat?post=180"},{"taxonomy":"product_tag","embeddable":true,"href":"https:\/\/coutauvergne.com\/site\/wp-json\/wp\/v2\/product_tag?post=180"}],"curies":[{"name":"wp","href":"https:\/\/api.w.org\/{rel}","templated":true}]}}