{"id":197,"date":"2021-05-10T21:40:08","date_gmt":"2021-05-10T19:40:08","guid":{"rendered":"https:\/\/coutauvergne.com\/site\/produit\/kiana-black-blade-personnalise\/"},"modified":"2021-05-10T21:40:08","modified_gmt":"2021-05-10T19:40:08","slug":"kiana-black-blade-personnalise","status":"publish","type":"product","link":"https:\/\/coutauvergne.com\/site\/produit\/kiana-black-blade-personnalise\/","title":{"rendered":"KIANA Black Blade Personnalis\u00e9"},"content":{"rendered":"<p style=\"text-align:justify;\">Une grande importance a \u00e9t\u00e9 apport\u00e9e aux choix des mat\u00e9riaux pour la r\u00e9alisation de ce couteau afin de lui apporter <strong>solidit\u00e9 et long\u00e9vit\u00e9<\/strong>. Sa taille et son poids le rendent \u00e0 la fois <strong>tr\u00e8s pratique et discret<\/strong> dans une poche ou dans un sac.<\/p>\n<p><span style=\"text-decoration:underline;\"><strong>Le manche\u00a0:<\/strong><\/span> il est en Polyamide charg\u00e9 de fibre de verre ce qui lui conf\u00e8re une grande r\u00e9sistance aux agressions ext\u00e9rieures (chocs, humidit\u00e9, etc&#8230;), ce qui permet de le nettoyer sous l&rsquo;eau voir, de mani\u00e8re exceptionnelle, au lave-vaisselle (bien essuyer la lame imm\u00e9diatement apr\u00e8s). La forme du manche a \u00e9t\u00e9 dessin\u00e9e pour que la lame ne s&rsquo;accroche pas dans la poche (petit d\u00e9tail mais grande diff\u00e9rence \u00e0 l&rsquo;usage).<\/p>\n<p><span style=\"text-decoration:underline;\"><strong>La lame\u00a0:<\/strong><\/span> elle est en inox\u00a0X35Cr16N\u00a0. Elle subit un Traitement Thermique avec Cryog\u00e9nisation afin de lui donner une excellente qualit\u00e9 de coupe, facile \u00e0 aiguiser et une meilleure r\u00e9sistance \u00e0 la corrosion. Dans cette version un traitement PTFE (t\u00e9flon) compl\u00e8te le travail de la lame pour lui donner sa couleur noire mate.\u00a0 Ce couteau est dot\u00e9 d&rsquo;un syst\u00e8me de blocage de lame tr\u00e8s s\u00e9curis\u00e9 (lockback). Vous pouvez personnaliser la lame avec un nom, un logo ou un motif de votre choix. N&rsquo;h\u00e9sitez pas \u00e0 <a href=\"http:\/\/coutauvergne.com\/nous-contacter\">nous contacter<\/a>!<\/p>\n<p>Longueur Ouvert\u00a0:\u00a0\u00a0 200 mm<br \/>Longueur Ferm\u00e9\u00a0:\u00a0\u00a0\u00a0 113 mm<br \/>Poids : 52 grammes<\/p>\n","protected":false},"excerpt":{"rendered":"<p>25\u20ac &#8211; Livraison \u00e0 domicile et Personnalisation Incluse!\u00a0 D\u00e9couvrez le Kiana dans cette nouvelle \u00e9dition \u00ab\u00a0Black Blade\u00a0\u00bb. Lame Noire et Ouverture 1 main.<br \/>En plus de sa magnifique couleur noire mat obtenue gr\u00e2ce \u00e0 un traitement Teflon, la lame de de ce KIANA est d\u00e9coup\u00e9e pour facilit\u00e9 son ouverture.<\/p>\n<p>D\u00e9clin\u00e9 en Bleu, Orange et Gris anthracite avec lame lisse, vous retrouverez tout l&rsquo;esprit KIANA dans cette s\u00e9rie Black Blade&#8230;.<\/p>\n","protected":false},"featured_media":194,"comment_status":"open","ping_status":"closed","template":"","meta":[],"product_cat":[21,26,23],"product_tag":[56,42],"class_list":["post-197","product","type-product","status-publish","has-post-thumbnail","hentry","product_cat-accueil","product_cat-les-couteaux-pliants","product_cat-nos-coups-de-coeur","product_tag-black-blade","product_tag-kiana"],"_links":{"self":[{"href":"https:\/\/coutauvergne.com\/site\/wp-json\/wp\/v2\/product\/197","targetHints":{"allow":["GET"]}}],"collection":[{"href":"https:\/\/coutauvergne.com\/site\/wp-json\/wp\/v2\/product"}],"about":[{"href":"https:\/\/coutauvergne.com\/site\/wp-json\/wp\/v2\/types\/product"}],"replies":[{"embeddable":true,"href":"https:\/\/coutauvergne.com\/site\/wp-json\/wp\/v2\/comments?post=197"}],"version-history":[{"count":0,"href":"https:\/\/coutauvergne.com\/site\/wp-json\/wp\/v2\/product\/197\/revisions"}],"wp:featuredmedia":[{"embeddable":true,"href":"https:\/\/coutauvergne.com\/site\/wp-json\/wp\/v2\/media\/194"}],"wp:attachment":[{"href":"https:\/\/coutauvergne.com\/site\/wp-json\/wp\/v2\/media?parent=197"}],"wp:term":[{"taxonomy":"product_cat","embeddable":true,"href":"https:\/\/coutauvergne.com\/site\/wp-json\/wp\/v2\/product_cat?post=197"},{"taxonomy":"product_tag","embeddable":true,"href":"https:\/\/coutauvergne.com\/site\/wp-json\/wp\/v2\/product_tag?post=197"}],"curies":[{"name":"wp","href":"https:\/\/api.w.org\/{rel}","templated":true}]}}